{"id":23,"date":"2012-09-09T19:02:13","date_gmt":"2012-09-09T17:02:13","guid":{"rendered":"http:\/\/www.ventimigliablog.it\/blog\/?page_id=23"},"modified":"2014-12-28T11:38:54","modified_gmt":"2014-12-28T10:38:54","slug":"chi-siamo","status":"publish","type":"page","link":"https:\/\/www.ventimigliablog.it\/blog\/chi-siamo\/","title":{"rendered":"Chi siamo"},"content":{"rendered":"<p style=\"text-align: justify;\">Ventimiglia Blog \u00e8 nato nel 2012, su iniziativa dell&#8217;ex\u00a0\u00a0Sindaco di Ventimiglia e di un ristretto gruppo eterogeneo di persone che partendo da una grande ingiustizia subita hanno voluto continuare a credere nella Giustizia, nella Libert\u00e0 di pensiero ed opinione, nelle Istituzioni. Ha intenzione di raccogliere da subito l\u2019adesione di molte associazioni e di singoli cittadini. Persone e gruppi diversi tra loro, per storia, per tradizione e intenti, che si possono per\u00f2 ritrovare nella finalit\u00e0 comune di contribuire alla costruzione di un\u2019autentica cultura della condivisione e della nonviolenza attraverso il dialogo, le azioni quotidiane, l\u2019educazione, la tolleranza, la giustizia e la legalit\u00e0. Sempre e comunque contro ogni abuso ed a tutela dell\u2019onorabilit\u00e0, della dignit\u00e0 e della privacy di ogni essere umano.<\/p>\n<p style=\"text-align: justify;\">L\u2019obiettivo \u00e8 quello di creare, attraverso Ventimiglia Blog, un movimento di opinione che, dal basso, sappia cambiare la scala delle priorit\u00e0\u00a0di pensiero che dovrebbero essere basate sulla verit\u00e0 e non sulla menzogna, sull\u2019interesse degli altri e non sul proprio, sui fatti e non sulle parole.<\/p>\n<p style=\"text-align: justify;\">Al centro di ogni discussione e confronto che si svilupper\u00e0 su Ventimiglia Blog la parola chiave sar\u00e0 un NO deciso ad ogni forma di violenza: da quella diretta delle guerre e dei soprusi, a quella strutturale e culturale, pi\u00f9 insidiosa da riconoscere, che agisce sull\u2019economia, sul pensiero, sulle condizioni di vita.<\/p>\n<p style=\"text-align: justify;\">Concludo ricordando un aforisma a me molto caro e sentito, di un grande uomo (Giuseppe Moscati), divenuto Santo che essendo fortemente condiviso da tutti i fondatori di Ventimiglia Blog, sar\u00e0 la linea guida da seguire:<br \/>\n\u201cAma la verit\u00e0, mostrati qual sei, e senza infingimenti e senza paura e senza riguardi. E se la verit\u00e0 ti costa la persecuzione, e tu accettala; e se il tormento, e tu sopportalo. E se per la verit\u00e0 dovessi sacrificare te stesso e la tua vita, e tu sii forte nel sacrificio\u201d.<\/p>\n<p style=\"text-align: justify;\">Marco Prestileo<\/p>\n","protected":false},"excerpt":{"rendered":"<p>Ventimiglia Blog \u00e8 nato nel 2012, su iniziativa dell&#8217;ex\u00a0\u00a0Sindaco di Ventimiglia e di un ristretto gruppo eterogeneo di persone che partendo da una grande ingiustizia subita hanno voluto continuare a credere nella Giustizia, nella Libert\u00e0 di pensiero ed opinione, nelle &hellip; <a href=\"https:\/\/www.ventimigliablog.it\/blog\/chi-siamo\/\">Continua a leggere<span class=\"meta-nav\">&rarr;<\/span><\/a><\/p>\n","protected":false},"author":83,"featured_media":0,"parent":0,"menu_order":0,"comment_status":"closed","ping_status":"closed","template":"","meta":{"ngg_post_thumbnail":0,"footnotes":""},"_links":{"self":[{"href":"https:\/\/www.ventimigliablog.it\/blog\/wp-json\/wp\/v2\/pages\/23"}],"collection":[{"href":"https:\/\/www.ventimigliablog.it\/blog\/wp-json\/wp\/v2\/pages"}],"about":[{"href":"https:\/\/www.ventimigliablog.it\/blog\/wp-json\/wp\/v2\/types\/page"}],"author":[{"embeddable":true,"href":"https:\/\/www.ventimigliablog.it\/blog\/wp-json\/wp\/v2\/users\/83"}],"replies":[{"embeddable":true,"href":"https:\/\/www.ventimigliablog.it\/blog\/wp-json\/wp\/v2\/comments?post=23"}],"version-history":[{"count":0,"href":"https:\/\/www.ventimigliablog.it\/blog\/wp-json\/wp\/v2\/pages\/23\/revisions"}],"wp:attachment":[{"href":"https:\/\/www.ventimigliablog.it\/blog\/wp-json\/wp\/v2\/media?parent=23"}],"curies":[{"name":"wp","href":"https:\/\/api.w.org\/{rel}","templated":true}]}}

<p style="text-align: justify;">Ventimiglia Blog è nato nel 2012, su iniziativa dell&#8217;ex  Sindaco di Ventimiglia e di un ristretto gruppo eterogeneo di persone che partendo da una grande ingiustizia subita hanno voluto continuare a credere nella Giustizia, nella Libertà di pensiero ed opinione, nelle Istituzioni. Ha intenzione di raccogliere da subito l’adesione di molte associazioni e di singoli cittadini. Persone e gruppi diversi tra loro, per storia, per tradizione e intenti, che si possono però ritrovare nella finalità comune di contribuire alla costruzione di un’autentica cultura della condivisione e della nonviolenza attraverso il dialogo, le azioni quotidiane, l’educazione, la tolleranza, la giustizia e la legalità. Sempre e comunque contro ogni abuso ed a tutela dell’onorabilità, della dignità e della privacy di ogni essere umano.</p>
<p style="text-align: justify;">L’obiettivo è quello di creare, attraverso Ventimiglia Blog, un movimento di opinione che, dal basso, sappia cambiare la scala delle priorità di pensiero che dovrebbero essere basate sulla verità e non sulla menzogna, sull’interesse degli altri e non sul proprio, sui fatti e non sulle parole.</p>
<p style="text-align: justify;">Al centro di ogni discussione e confronto che si svilupperà su Ventimiglia Blog la parola chiave sarà un NO deciso ad ogni forma di violenza: da quella diretta delle guerre e dei soprusi, a quella strutturale e culturale, più insidiosa da riconoscere, che agisce sull’economia, sul pensiero, sulle condizioni di vita.</p>
<p style="text-align: justify;">Concludo ricordando un aforisma a me molto caro e sentito, di un grande uomo (Giuseppe Moscati), divenuto Santo che essendo fortemente condiviso da tutti i fondatori di Ventimiglia Blog, sarà la linea guida da seguire:<br />
“Ama la verità, mostrati qual sei, e senza infingimenti e senza paura e senza riguardi. E se la verità ti costa la persecuzione, e tu accettala; e se il tormento, e tu sopportalo. E se per la verità dovessi sacrificare te stesso e la tua vita, e tu sii forte nel sacrificio”.</p>
<p style="text-align: justify;">Marco Prestileo</p>

<p>Ventimiglia Blog è nato nel 2012, su iniziativa dell&#8217;ex  Sindaco di Ventimiglia e di un ristretto gruppo eterogeneo di persone che partendo da una grande ingiustizia subita hanno voluto continuare a credere nella Giustizia, nella Libertà di pensiero ed opinione, nelle &hellip; <a href="https://www.ventimigliablog.it/blog/chi-siamo/">Continua a leggere<span class="meta-nav">&rarr;</span></a></p>
